84. What is the ten thousands digit of z?
3
Let b be ((-33)/(-6))/((-2)/4). What is the units digit of -282*b/((-231)/(-28))?
6
Suppose -5*d + 5*i = -d - 159253, 0 = 5*d - 3*i - 199076. What is the hundreds digit of d?
8
Let b(u) be the second derivative of -u**4/2 + u**3/3 + 2*u**2 + 31*u. Let a be b(3). What is the hundreds digit of (-7516)/a + 2/11?
1
Let d = -32 + 31. What is the hundreds digit of (463*d)/(((-2)/2)/2)?
9
Let a = -11371 - -16135. What is the tens digit of a?
6
Suppose 38*p - 12 = 41*p. Let j(l) = 28*l**2 - 3*l + 2. What is the hundreds digit of j(p)?
4
Let t(a) = -1464*a - 278. What is the hundreds digit of t(-15)?
6
Let a = -8794 - -14228. What is the tens digit of a?
3
Let d = 28 + -25. Suppose 0 = 2*n + 7*y - 3*y - 386, d*n = -4*y + 581. What is the hundreds digit of n?
1
Suppose -13*z + 5*z = -16. Let x(o) = 2 - 21*o - z - 2 + 14*o + 29*o**2. What is the hundreds digit of x(-2)?
1
Let o be (8/3)/(((-3)/(-3))/27). Let z be (5/4 - 1)*(-78 - -78). Suppose z = f - y - o, -16 = 2*f - y - 162. What is the units digit of f?
4
Let x be ((-12)/(-42))/((-3)/(-32529)). Suppose -x = -4*s + 154. What is the tens digit of s?
1
Let j = 29 + 8. Let c = j - -5. What is the units digit of (-4 + 240/c)*4*7?
8
Let j be 52068/(-12) - (-9)/3. Let s = -2711 - j. What is the units digit of s?
5
Suppose -2360 = -5*c - 400. Suppose 4*w + c = 2*m, 0 = -2*w + 2*m - 54 - 138. Let q = 148 + w. What is the units digit of q?
8
Let a(g) = 18*g**2 - 6*g + 28*g**2 + 10 + 3*g. What is the hundreds digit of a(3)?
4
Let a be -1761*(-8)/36 - (-1)/(-3). Suppose 5*k - 17 = p + 3*p, -2*p - 16 = -4*k. Suppose -a = -5*r - p*l, r - 41 = -2*l + 42. What is the units digit of r?
7
Let s be -1461*(-2 - (-4 + 3)) - 2. Let u = s - 392. What is the thousands digit of u?
1
Let o(c) = -14*c + 104. Let z be o(-14). Suppose h - 3*k - z = 0, -2*k - 1770 + 322 = -5*h. What is the tens digit of h?
8
Let n(x) = 16*x - 22. Suppose -z = a - 11, 0 = z + 4*z + 4*a - 50. Suppose 15 = 5*v + 3*d, -5*v + 2*d + z = -9. What is the units digit of n(v)?
6
Suppose 13*s - 76158 = 48369. What is the hundreds digit of s?
5
What is the tens digit of -3 + (75699 - (17 + -23))?
0
Suppose -w = -10*r + 8*r + 124, -2*r - 2*w + 136 = 0. Suppose 7*n + r = 1198. What is the tens digit of n?
6
Suppose -7*s - 50 = 34. Let w = s + 14. Suppose 6*t = w*t + 32. What is the units digit of t?
8
Let m = 19250 - -56907. What is the tens digit of m?
5
Suppose u - 9933 = 693*l - 696*l, 6612 = 2*l + 4*u. What is the thousands digit of l?
3
What is the thousands digit of (-2197723)/(-99) - (-26)/(-117)?
2
Let c = -3495 - -16454. What is the units digit of c?
9
Let d be (160/(-64))/((-1)/2). Suppose 12*i - 2040 = -d*i. What is the units digit of i?
0
Let y(n) = -2*n**2 + 13*n + 1. Let h be y(13). Let p = h + 489. What is the units digit of p?
1
Suppose -5*m - 5994 = -q, q - 2*m = 345 + 5643. What is the thousands digit of q?
5
Let g be (2 + 7*4)*(-1888)/(-295). Suppose -5*v + l = 4*l - 480, -2*v - 3*l = -g. What is the tens digit of v?
9
Suppose -4*r = -4*n + 28804, 2*r = -11 + 5. What is the tens digit of n?
9
Let z(g) = -321*g - 40. Let p be z(-5). Suppose a + 5 = 0, -5*n + 25*a = 24*a - p. What is the units digit of n?
2
Let w(t) = -47*t + 505. Let q be w(9). Let d be 9 + -1 + (-7)/7. Suppose d*l - q = 499. What is the tens digit of l?
8
Let x(n) = 2*n**2 - 5*n + 3. Let h be x(0). Suppose -5*i - h*r = -1932, 5*i = -4*r + 5*r + 1936. What is the tens digit of i?
8
Suppose 233 = -10*y - 917. Let p = 510 + y. What is the hundreds digit of p?
3
Let l(a) = -a + 1. Let m(c) = -9*c - 7*c + 29*c - 4*c**2 + 14. Let h(f) = -4*l(f) - m(f). What is the tens digit of h(8)?
6
Let u = 6 + -3. Let w = 243 + -203. Suppose -3*t + 38 + 42 = i, u*i = -t + w. What is the units digit of t?
5
Let k = 37 - 40. Let m(x) = -6*x**3 - 3*x**2 + x. Let r be m(k). Let p = 103 + r. What is the hundreds digit of p?
2
Let q = 20 - 24. What is the tens digit of 1/q*-2 - 3220/(-8)?
0
Let o = 15469 + -9537. What is the hundreds digit of o?
9
Let u = -17484 + 36116. What is the hundreds digit of u?
6
Let s(t) = -901*t + 728. What is the units digit of s(-4)?
2
Let a(k) = 213*k**2 + k. Let p be a(1). Let d = -71 - -101. Suppose d + p = 4*m. What is the tens digit of m?
6
Let r(i) = -i + 200. Let a be r(-27). Let v = a + 67. What is the units digit of v?
4
Suppose 3*y = 2*q + 61860, -q = 11*y - 7*y + 30941. What is the hundreds digit of q/18*8/(-14)?
9
Suppose 4*i - 1924 = -5*t + 29820, t - 2*i - 6346 = 0. What is the units digit of t?
8
What is the ten thousands digit of (-2)/8*((-9874080)/(-105))/12*-7?
1
Let p(r) = 2*r**2 - 4 + 4*r + 0*r - 2 + 2. Let b(z) = 3*z + 3. Let l be b(0). What is the units digit of p(l)?
6
Let x be 304/(-64) + (1/4)/(-1). Let g(w) = -9*w**3 + 2*w**2 - 5*w + 5. What is the hundreds digit of g(x)?
2
Let j(o) = -o - 8. Let c be j(-10). What is the tens digit of (138/(-4))/(c + 35/(-14))?
6
Let d = -10 + 17. Suppose -1158 = d*q - 13*q. What is the tens digit of q?
9
Suppose 39 = 3*r + 11*h - 6*h, -2*h = 6. Let w(o) = -o**2 + 24*o + 11. What is the units digit of w(r)?
9
Suppose -33*o = -640329 - 147150. What is the hundreds digit of o?
8
What is the thousands digit of (-1)/(21/6) - -2925*(-40)/(-56)?
2
Let u = 516 - 80. Let g = u - 289. Let s = -82 + g. What is the tens digit of s?
6
Suppose -8 = -7*y + 13. What is the units digit of 4 - (y - 112*2)?
5
Let n(z) = -z**3 + 4*z**2 - z + 11. Let l be n(4). Suppose 0 = -l*t + 3346 + 2947. What is the units digit of t?
9
Let m = 1312 - 626. Suppose 5*u - 215 = 2*b + m, 0 = -u + 2*b + 185. What is the hundreds digit of u?
1
Let b(x) = -3*x + 2. Let t be b(-1). Suppose -2*c - c + 530 = 4*i, -t*c + 914 = -i. Suppose 5*d + 5*s = 780, -3*d - s = -288 - c. What is the units digit of d?
7
Suppose -x = -0*x - 4*k - 1, 3*k + 30 = 4*x. What is the units digit of 3/x + 240/9?
7
Let w(x) be the second derivative of 161*x**4/12 - 29*x**3/3 - 163*x**2/2 - 80*x + 1. What is the units digit of w(-3)?
0
What is the hundreds digit of (-42)/1407 + 778008/134?
8
Suppose -16212 - 25104 = -13*i - 20*i. What is the tens digit of i?
5
Let k(m) = 20*m**2 - m - 31. Let n be 0 - (12/6 - 8). What is the units digit of k(n)?
3
Let n = 722 + -509. Suppose -1210 = 16*d - 6*d. Let q = d + n. What is the tens digit of q?
9
Suppose -242229 = -75*d + 211596. What is the units digit of d?
1
Suppose 3*k - 4*d - 36 = 0, 4*k - 5*d = 29 + 20. Let h(f) = -f**3 + 17*f**2 + 28*f - 88. What is the units digit of h(k)?
6
Suppose 0 = 3*s + 2*n - 18473, 4*s - 2868 - 21781 = n. What is the thousands digit of s?
6
Let l be (1 - -51)/((-8)/(-172)). Suppose -10254 = -8*j - l. What is the thousands digit of j?
1
Let l(v) = -v**3 - 13*v**2 - 17*v + 4. Let c be l(-18). Suppose -7*g + 2*g - 5*u = -c, 0 = -5*g - u + 1946. What is the units digit of g?
0
What is the hundreds digit of 51722/(-11)*(3 + (-18)/4)?
0
Suppose 2*c - 24 = -2*c. Let r be (0 - c)/(-8 - -6). Suppose 4*u - r*h = 2*h + 41, -5*h = 4*u - 31. What is the units digit of u?
9
Suppose a - 3*j = 4 + 10, 5*a - 48 = 4*j. Suppose a*x = 33*x - 25725. What is the tens digit of x?
2
Suppose -3*r + 7*r - 20 = 0. Let o be 3 + r/(-10)*2. Suppose 4*a - 126 = -o*i, -4*a - 5*i = -14 - 97. What is the units digit of a?
4
What is the units digit of (12 - 5)*5626 + -26?
6
Let d(t) = -t**3 - 111*t**2 + 118*t + 1429. What is the hundreds digit of d(-112)?
7
Let w = -20184 + 34191. What is the hundreds digit of w?
0
Let b be 12/(-14)*(-42)/(-12)*4. Let j be 0 + (-38)/b - 9/54. Suppose j*l = -3*h + 102, -4*l = 4*h - 9*l - 136. What is the tens digit of h?
3
Suppose -2*y + 5*y + 15 = 0, 3*y + 23 = -4*f. Let v be 14*(f + (6 - 2)). Suppose 25*i = v*i - 327. What is the units digit of i?
9
Let r(w) = 20*w + 22. Let j(v) = 10*v + 11. Suppose -5*h + 0*h - 5*k = 0, 10 = -2*k. Let o(u) = h*j(u) - 3*r(u). What is the tens digit of o(-5)?
3
Suppose -2*s - 29 = -33, -2*k = -4*s - 31744. What is the hundreds digit of k?
8
Let h(l) = l**2 + 18*l - 18. Let n be h(-19). Let m be (-8 - 60)/(n/(-3)). Suppose m = 4*z - 104. What is the tens digit of z?
7
Let s(z) = 1876*z + 916. What is the tens digit of s(9)?
0
Suppose 4*c = 3*d - 23, -3*d - d = 2*c + 6. Let i be (-50*d)/(-5) + -4. What is the tens digit o